2 - 324 = -5*q + 4*b, q = -4*b + 202. What is the units digit of q?
8
Let t = -25 - -41. Suppose -4*l - 2*i = -t - 54, 3*l = 4*i + 36. What is the tens digit of l?
1
Let r be 2 - (-1 + (-2)/((-8)/12)). Let b(a) = a**3 + 2*a**2 - 3*a. Let y be b(-3). Suppose 5*p + r*p - 80 = y. What is the tens digit of p?
1
Suppose w = -58 + 214. Suppose -59 - w = -5*d. What is the units digit of d?
3
Suppose 0 = 3*i - 6, 4*j = j + 5*i + 5. Suppose 3*g - 50 = j*p + 49, 4*g - 2*p = 118. What is the units digit of g?
8
Let p = -5 - -10. What is the units digit of p?
5
Suppose -3*n = n + 5*b, -5*n - 3*b = 0. Suppose n = 5*a + w + w - 137, 5*w = 3*a - 76. Suppose 2*m + 20 = -3*m, p = 2*m + a. What is the units digit of p?
9
Suppose -6*r + 2*r - 1060 = -5*o, -4*r = 3*o - 604. What is the hundreds digit of o?
2
Suppose 230 + 134 = 2*a. What is the tens digit of a?
8
Suppose -4*s + 1 - 14 = 3*f, -s = -4*f + 8. Suppose u - 5*u = -3*z + f, 0 = 4*u - 4*z + 4. What is the units digit of u?
2
Suppose 0 = -4*f + 7*f - 15. What is the units digit of f?
5
Let k(v) = 2*v**2 + 3*v + 1. Let o = 4 - 7. Let m be (0 - o)/((-9)/6). What is the units digit of k(m)?
3
Let z(w) = -2*w**3 - 7*w**2 - 5*w - 2. Let v(c) = c**3 + c**2 - c. Let b(a) = v(a) + z(a). What is the units digit of b(-5)?
3
Let u(s) = s**3 + 6*s**2 - 3*s - 7. Let m = -19 + 13. Let g be u(m). Suppose 2*r = g + 7. What is the units digit of r?
9
Let x(a) be the first derivative of a**2/2 - 2*a + 2. Let l(i) = -i**3 + i**2 + 2*i. Let b be l(-2). What is the units digit of x(b)?
6
Suppose 16*m - m = 6060. What is the tens digit of m?
0
Suppose 2*x = 3*x - 2. Let s(v) = 0*v**x - 8*v - v**2 - 5 + 2*v**2. What is the units digit of s(9)?
4
Let g = -40 + 20. Let u = 31 + g. What is the tens digit of u?
1
Let s = 4 + 3. Suppose 6*y - s*y = -24. What is the units digit of y?
4
Let y(t) = t**2 - 2*t - 2. Let f be y(4). Let p(z) = z**2 - 5*z - 4. What is the units digit of p(f)?
2
Let t(y) = 2*y**3 - 5*y**2 + 6*y - 3. What is the units digit of t(3)?
4
Let s be 19/(-4) - (-3)/(-12). Let u(l) = l**2 - 3*l - 5. Let r be u(s). Suppose r = a + 4*a. What is the units digit of a?
7
Let o = -13 - -67. What is the tens digit of o?
5
Suppose -3*k = -k. Suppose -4*z + k*z + 8 = 0. What is the units digit of z?
2
Suppose -2*y - 5*a + 555 = 0, 4*y = 4*a + 1227 - 187. What is the hundreds digit of y?
2
Let q = 11 + 10. What is the tens digit of q?
2
Suppose 2*o = 4*q + 10, 0*o + o + 1 = -4*q. Suppose -5*a = w - 17, 0 = o*a - 4*w - 1. Suppose f - 4*f = -a. What is the units digit of f?
1
Let k = 1 - 2. What is the units digit of (k/2)/((-2)/24)?
6
Suppose -90 = -2*u - u. What is the units digit of u?
0
Let o(q) = q**3 + 9*q**2 - 9*q + 19. Let r(k) = k**2 - k + 1. Let a(i) = o(i) - r(i). What is the units digit of a(-9)?
9
Suppose 2*w - z = -4*z + 8, 5*z = 20. Let l = 8 + -4. Let n = l + w. What is the units digit of n?
2
What is the units digit of (44/10)/((-2)/(-5))?
1
Let r = 76 + -41. What is the units digit of r?
5
Suppose 16 = -3*m - 2*w - 28, -3*m - 5*w - 47 = 0. Let y = -2 - m. What is the units digit of y?
2
Let v be 1 + (2 - 2) - -2. Let o be (-2)/v*3 - -1. What is the units digit of (-33)/(-6) - o/(-2)?
5
Suppose r - 2*r = 3*t - 26, -30 = -3*t + 3*r. Suppose 0 = 4*s - w - t, 3*s + 2*s + w = 0. What is the units digit of s?
1
Suppose r + 2 + 8 = 0. Let i = 15 + r. What is the units digit of i?
5
Let s be 2/(-5) + (-23)/5. What is the units digit of (-236)/(-20) + (-1)/s?
2
Let m = 45 - -4. What is the units digit of m?
9
Let k(t) = 2*t - 8. Let g be k(8). Let z = g - 8. Suppose -f = -z*f - 11. What is the tens digit of f?
1
Suppose 2 - 6 = -z. Suppose 4*c = -k + 26, -z*c - c = k - 25. Suppose 2*t = -3*t + k. What is the units digit of t?
6
Let z = 5 - 5. Suppose z = -3*u + 6. Suppose -u*m + 3*m = 7. What is the units digit of m?
7
What is the hundreds digit of (-4 - -329) + (-2)/2?
3
Suppose 5*f - 120 = 3*f. What is the tens digit of f?
6
Suppose -2*o = 3*o - 25. What is the units digit of 159/15 - (-2)/o?
1
Let u(c) = c - 4. What is the units digit of u(14)?
0
Suppose 2*b - 4*b + 4 = 0. Suppose 0 = -2*p - 0*p - b. What is the units digit of (3 + p)/((-1)/(-4))?
8
Let m = -8 - -46. What is the units digit of m?
8
Suppose -4*t + 8 = -4*j, 3*t - 2 = 8*t + j. Suppose 6*u - 5*u - 2 = t. What is the units digit of 1 - 0/(0 - u)?
1
Let i = -2 + 7. Suppose 4*h = -0*h + 8, 3*v - i*h = 44. What is the units digit of v?
8
Let b = -11 + 19. Suppose 2*y + 4 - b = 0. Suppose 2*z = y*c + 18, c = -4*z + 23 + 23. What is the units digit of z?
1
Suppose -2 = 3*p - 8. What is the units digit of p + (8 - -1) + -2?
9
Let q = -6 - -5. What is the tens digit of 0 + -2 - q - -12?
1
Let f(m) = 3*m**2 + 16. What is the tens digit of f(-5)?
9
Let c(u) = u - 5. Let j be 2/7 - 185/35. Let g be c(j). What is the units digit of g/((-3)/((-3)/(-2)))?
5
Let j be 6/4*(-16)/(-12). Suppose 11 = -j*d + 39. What is the units digit of d?
4
Let g(l) = -l**3 - l + 60. Let w be g(0). Suppose 4*u + w = 6*u. What is the units digit of u?
0
Suppose 14*i + 140 = 18*i. What is the units digit of i?
5
Suppose -2315 = -12*g - 887. What is the units digit of g?
9
Let u(i) = -i + 12. Let w be u(6). Suppose 115 = w*f - 2*f - 5*x, f - 10 = -5*x. What is the units digit of f?
5
Let u be (-9)/(-2)*40/6. Let b = u + 0. Suppose 0*s - b = -3*s. What is the tens digit of s?
1
Suppose -2*r + 3*v - 48 = -147, -v - 3 = 0. What is the tens digit of r?
4
Let n = -8 - -41. What is the tens digit of n?
3
Let v be (-5)/(2 - (3 + 0)). Let l = -9 - -9. Suppose -p + l*o = -4*o - 32, 55 = v*p + o. What is the units digit of p?
2
Let y(h) be the third derivative of -11*h**6/120 - h**5/30 - h**4/12 - h**3/6 - 2*h**2. What is the units digit of y(-1)?
0
Suppose -n = 6*n - 819. What is the units digit of n?
7
Suppose -2*f = 2*f - 3*w - 95, 0 = -3*w - 15. Suppose y + u + 15 = -4*u, 2*u = y - f. Suppose y - 2 = 4*p. What is the units digit of p?
2
Suppose -4*g = -0*g. Suppose -4*f + 9*f = -5*n + 30, g = 4*n + 3*f - 25. Suppose n - 1 = 3*s. What is the units digit of s?
2
Let q(o) be the second derivative of -2*o**2 - 1/6*o**3 - o + 0. What is the units digit of q(-7)?
3
Suppose -7*k + 8*k - 283 = 0. What is the tens digit of k?
8
Let g(u) = u**3 - 7*u**2 - 10*u - 12. What is the tens digit of g(9)?
6
Suppose c - r = 14, 2*c - 4*r = -3*r + 25. What is the units digit of c?
1
Let y = 192 + -99. What is the units digit of y?
3
Suppose o = -5*s + 239, -2*s + 5*o - 13 = -114. What is the tens digit of s?
4
Let t be (28/(-3))/((-6)/9). Suppose 0*r - r + t = -2*d, 35 = r + 5*d. What is the units digit of r?
0
Let t(g) = 15*g**2 - g. Suppose -5*q + 3*k = 20, q + 21 = 5*k - k. What is the tens digit of t(q)?
1
Let m be ((-185)/20)/((-1)/4). Let h = m + -15. Let s = -1 + h. What is the tens digit of s?
2
Let p(q) = -4*q - 1. Let w be p(-2). Suppose -2*c + w = -c. What is the units digit of c?
7
What is the units digit of -202*((-49)/42 - 4/(-6))?
1
Suppose 356 = 5*i - 3*i. What is the hundreds digit of i?
1
Let m(i) = -10*i + 8. What is the units digit of m(-3)?
8
Let x(z) be the second derivative of z**4/12 - z**3/6 + z**2/2 + 3*z. What is the tens digit of x(5)?
2
Let f(o) = o**3 - 2*o. Let k be f(2). Suppose -s + 1 + 3 = 0, 4*z + 2*s - 144 = 0. Suppose -2*x = -k*a - z, 5*a = -x - 0*a - 18. What is the units digit of x?
7
Suppose -4*a = -4*n + a + 85, -2*a = 3*n - 35. What is the tens digit of n?
1
Suppose 2*q = 5*q - 6. Suppose n = 42 + q. What is the tens digit of n?
4
Let z(v) be the second derivative of -v**4/12 - v**3 - v**2 + 2*v. Suppose -4*i = -q + 16, -5 = i + 5*q - 1. What is the units digit of z(i)?
6
Let c = -69 + 124. What is the units digit of c?
5
Suppose 557 = 3*d + 3*n - 4*n, -2*d = -4*n - 368. What is the hundreds digit of d?
1
Let x = 116 + -65. What is the tens digit of x?
5
Let j be (6/4)/(5/10). Let c(w) = 50*w + 1. Let v be c(1). Suppose 5*f = 5*m + 60, -j*f - 2*m + 0*m = -v. What is the tens digit of f?
1
Let o(s) = s + 2. Let i be o(2). Let f(b) = -i + b - 4*b + 4. What is the tens digit of f(-6)?
1
Let h(x) = -23*x**3 - 2*x**2 + x + 2. Let n be h(-2). Suppose -228 + 60 = -4*g + 2*s, 4*g - n = 4*s. What is the units digit of g?
0
Let t(a) = -23*a - 6. Let v be t(-6). What is the units